 3*v - 411, 0 = -v + 2*x + 171. What is the hundreds digit of v?
1
Let n(z) = -z + 1 - 5 + 15. Let h be n(8). Suppose -3*s = -h*y - 122 - 7, 0 = -4*s + 5*y + 177. What is the tens digit of s?
3
What is the tens digit of 72/(-132) - (-39717)/33?
0
Let a = -23 + 35. Let s = a + -9. Suppose -4*z - 7 = 13, -s*z = -3*x + 123. What is the tens digit of x?
3
Let w(u) be the second derivative of u**5/20 - u**4/4 + u**3 - 2*u**2 - u. Let v be w(4). Suppose 39 = 3*x - v. What is the tens digit of x?
2
Suppose 390 + 260 = 5*s. Suppose -3*z + 5*z - 12 = 0. Suppose -s = -z*c + c. What is the units digit of c?
6
Let i be 0/(-2 - 1 - -5). Suppose i*m - 3*b - 30 = -3*m, -m - 5*b = 20. Suppose -m*q + 60 = -q. What is the units digit of q?
5
Let g = 52 - 51. What is the hundreds digit of (117 + (0 - 4))/g?
1
Let k(g) = 9*g - 15. Let f be (-4)/(32/(-12))*6. Let v be k(f). Suppose -4*p = -2*p - 8, x = 2*p + v. What is the tens digit of x?
7
Let o = 26 + -31. Let y(j) = 6*j**2 - 10*j**2 + 6*j**2 + 5*j. What is the tens digit of y(o)?
2
What is the tens digit of (-411)/(-12)*(9 + -1)?
7
Let s = -3 - -2. What is the units digit of (-2)/(1 - s) + 81?
0
What is the units digit of 84/(-42) - 3123/(-1)?
1
Suppose 6*g - 437 = -13*g. What is the tens digit of g?
2
Suppose -560 = -2*p + g - 117, -p + 226 = -5*g. What is the units digit of p?
1
Let v = -111 - -1966. What is the tens digit of v?
5
Suppose -4*t - s + 0*s + 1135 = 0, 295 = t - 2*s. Suppose c - 223 = -3*c - 5*f, 5*c + 5*f - t = 0. What is the units digit of c?
2
Let m(c) be the third derivative of c**6/120 + c**5/60 + c**4/8 - c**3/6 - 8*c**2. Suppose x - 5 = -2*y, 0*y + 5*x = y + 3. What is the units digit of m(y)?
7
Suppose 0 = -0*w - 4*w + 304. Suppose -7*z + 362 = 75. Let s = w - z. What is the units digit of s?
5
Let w(h) = -6 - 2*h + 0*h - 2. Let n be w(-5). What is the units digit of -42*(0 - 1/n)?
1
Suppose 3*o = 4*t + 4*o - 875, 5*t + 5*o - 1105 = 0. What is the units digit of t?
8
Let z be (-2)/(-3)*(-105)/(-14). Suppose 2 = -u + z. Suppose 2*p = -2*p - 5*b - 3, -u*p = -4*b - 21. What is the units digit of p?
3
Let l = -278 + 492. What is the hundreds digit of l?
2
Suppose -2*m = 5*s - 140 - 59, 2*m - 158 = -4*s. What is the units digit of s?
1
Let q be (-1)/(-3) - 2/6. Suppose q = 4*r + 4, 4*t - 10 = -3*r + 71. What is the units digit of t?
1
Let d(c) = 13*c + 16*c - 28*c + 1. Let w(r) = -5*r - 85. Let n(b) = -4*d(b) - w(b). What is the units digit of n(0)?
1
Let g(h) = h**3 - 12*h**2 + 11*h + 6. Let i be g(11). Suppose -40 = -i*a + 2*a. Suppose a - 44 = -2*o. What is the units digit of o?
7
Suppose 9240 = 7*r + 5*r. What is the tens digit of r?
7
Let r(f) = -f**2 - 5*f + 2. Let w be r(-5). Let s be 3 + (-2 - -2) + w. What is the tens digit of s*(-7)/(-5)*2?
1
Suppose 3*n - 2 = 4*g - 19, -3*n - 25 = -2*g. Let k = 27 + n. Suppose w - 48 = -k. What is the tens digit of w?
3
Let f(j) = 7*j - 14. Let t be f(-2). Let m = 48 + t. What is the units digit of m?
0
Let q(r) be the first derivative of -4*r**2 + 38*r + 13. What is the hundreds digit of q(-10)?
1
Let u = 2564 + -1732. Suppose -2*x - 2*v = -v - 556, 3*x + 2*v = u. What is the units digit of x?
0
What is the units digit of -3 + 1 - (14/7 + -481)?
7
Let a(u) = 2*u**2 - 10*u + 2. Let l be a(5). Let z be 1/(-2) + 1/l. Let x = 7 - z. What is the units digit of x?
7
Suppose -276 - 44 = -c - 3*t, 930 = 3*c - t. What is the tens digit of c?
1
Suppose 2*p - j = 7, 2*p - 2 = -4*j + 10. Suppose 0*t - p*t + 172 = 0. What is the tens digit of t?
4
Let d(j) = 103*j - 25. What is the tens digit of d(5)?
9
Suppose 73 = 4*x - 39. Let n = x - 139. What is the tens digit of n/(-4) + 1/4?
2
Let q(m) = -m**2 - 19*m + 26. Let c be q(-20). Suppose 0 = f + 5*h + 7, -c*f + 3*h + 21 = -f. Suppose -4*d = f*d - 301. What is the units digit of d?
3
Suppose 6585 = 7*c - 3656. What is the hundreds digit of c?
4
Let h be -3 + 182/2 + 3. Suppose h - 19 = 2*r. Suppose -r = 2*z - 114. What is the units digit of z?
9
Let v be (1 - -13)/(8 + -10). Let s(g) be the third derivative of g**6/120 + g**5/10 - 7*g**4/24 + 5*g**3/3 + 3*g**2. What is the tens digit of s(v)?
1
Let v(l) = -2*l - 15. Let s = -11 - 0. Let r be v(s). Suppose d - 9 - r = 0. What is the tens digit of d?
1
Suppose -5*a = 2*z - 3771, 4*a = 2*z - 1949 - 1867. What is the thousands digit of z?
1
Suppose 2*l - 2584 = -5*g, 3*g + 10*l - 11*l = 1546. What is the units digit of g?
6
Let h(t) be the second derivative of t**5/20 + t**4/24 - 11*t**3/6 + 4*t. Let u(w) be the second derivative of h(w). What is the units digit of u(9)?
5
Let m(b) be the second derivative of -b**2 - 5*b + 1/6*b**4 + 0 - 4/3*b**3. What is the tens digit of m(6)?
2
Suppose 4*j = -4*o + 3804, -2*j + 1914 = -58*o + 56*o. What is the tens digit of j?
5
Let q be -66*(-8)/90 - 4/(-30). Suppose 36 = q*y - 6. What is the units digit of y?
7
Let n = -597 - -1038. What is the hundreds digit of n?
4
Let c(l) = 35*l + 8. Let r be c(3). Suppose -r = -7*u + 6*u. What is the hundreds digit of u?
1
Suppose 3*v - 3*z = 369, -v + 84 = 2*z - 48. What is the tens digit of 84/v - (0 + 104/(-6))?
1
Let d = 23 - 19. Suppose 2*i + 36 = d*v, 0 = 5*v + i - 3*i - 45. What is the units digit of v?
9
Let w(j) = j**3 + 13*j**2 + 14*j - 24. Let s be w(-11). Suppose -4*b - s + 284 = 0. What is the tens digit of b?
5
Let k(n) = -n**3 + 4*n**2 + 20*n - 6. Let z be k(6). Suppose 82 = 2*q - w, 4*q + 5*w - z = 136. What is the units digit of q?
2
Let z(v) = 17*v**2 - v - 7. Suppose 5*w - 6 = -21. Let i be z(w). Suppose o + g = 49, -3*o - 2*g = -0*g - i. What is the units digit of o?
1
Suppose 2*v - 6 = -0*v. Suppose -4 = v*k - 13. Suppose k*t = 51 + 84. What is the units digit of t?
5
Let w(l) = l**2 + 17*l - 10. Let f be w(-18). Let a be f/2 - (-8)/(-4). What is the tens digit of (-32)/(-2) - a*-1?
1
Let u(d) = d**2 - 7*d - 18. Let w be u(9). Suppose -b - 4*h + 122 = 0, w*b - 664 = -5*b - 2*h. What is the hundreds digit of b?
1
Let q = -44 + 48. Suppose -5*o + 95 = 5*s, -2*s - q*o - 3 = -47. What is the tens digit of s?
1
Let z(k) = -k + 3. Let h be z(-4). Let x = 10 - h. What is the units digit of 4/x*(-312)/(-16)?
6
Let q(w) = -7*w. Let g be (2/4)/(1/12). Let c(x) = x. Let p(k) = g*c(k) + q(k). What is the units digit of p(-6)?
6
Let v = -10 - -3. Let t = 9 + v. Suppose 0 = -5*z + 2*d + 2*d + 36, t*z - 3*d = 20. What is the units digit of z?
4
Let v(l) = -l**3 + 25*l**2 - 14*l - 35. What is the hundreds digit of v(9)?
1
Let t be 378/6*(-1)/(-3). Suppose -29*n + t*n + 928 = 0. What is the units digit of n?
6
Let v = 18 - 20. Let q = -10 - v. What is the units digit of 16 + q/12*3?
4
Suppose -2103 = -5*w + 1307. What is the tens digit of w?
8
Let i(q) = 10*q**3 - 6*q**2 + 2*q - 5. Let u be i(5). Suppose 9*g + u = 14*g. Suppose 4*t - g = -49. What is the units digit of t?
3
Let w = 99 + 698. What is the units digit of w?
7
Suppose f = 6*f - 580. Let p = f + -70. What is the tens digit of p?
4
Let q = 26 - 26. Suppose 2*d + 5*j = -25 + 175, -4*j + 8 = q. What is the tens digit of d?
7
Suppose 12 + 465 = 5*m + r, 0 = 2*m + r - 192. What is the tens digit of m?
9
Suppose -56 = 3*r - 4*r - w, -r = -3*w - 56. Suppose q - 3*d = 9, -q - 4*q = -4*d - r. Suppose 5*k - q - 23 = 0. What is the units digit of k?
7
Suppose v - 3*v = -10. Suppose 1 = -v*m + 16. Suppose 0 = a - m*d + 5*d - 14, -2 = 2*a - 2*d. What is the units digit of a?
4
Let k(i) = -i**2 + 45*i + 2815. What is the hundreds digit of k(0)?
8
Let u(w) = -7*w - 26 - 6*w + w + 4*w. What is the units digit of u(-13)?
8
Suppose -53861 = -29*j - 7026. What is the tens digit of j?
1
Suppose l + 768 = 5*l - 3*w, -3*l + 2*w = -575. Let c = 380 - l. What is the hundreds digit of c?
1
Suppose -4*m + 3*m + 3 = 0, 2*w + 5*m - 17 = 0. What is the units digit of (195/25)/(w/5)?
9
Let s be (0 - -1)/(12/132). Suppose 756 = -2*u + s*u. What is the tens digit of u?
8
Let v be 3/(-3) + 2 + 2. Suppose -7 + v = -2*y. Suppose 35 = g + 2*l, -2*g + 143 = 3*g + y*l. What is the tens digit of g?
2
Let v(n) = n**2 + 7*n + 13. Let h be v(-7). Let o(r) = -r**2 + 12*r + 15. Let d be o(h). What is the tens digit of -1 - (d + 0 - 37)?
3
Suppose 48*c = 43*c + 80. What is the units digit of 3818/c - (-51)/136?
9
Let n be -2 + 0 + (-12)/6*9. What is the units di